tors of q?
3, 31
Let f(u) = 4*u - 9. Let b be f(3). Suppose t - 30 = -3*t - b*j, -2*j = -4*t + 40. Suppose -6*r = -t*r + 87. What are the prime factors of r?
29
Let c(m) = -3*m**2 - 23*m + 15. What are the prime factors of c(-8)?
7
Suppose -3*c - 47 = -4*o - o, 4*c - 19 = -5*o. Suppose o*x - 153 = 4*x. List the prime factors of x.
3, 17
Let h(x) = x**3 - 10*x**2 + 10*x - 4. Let w be h(9). Suppose 2*v - 3*q = -2 - 2, 2*v - w*q = -12. List the prime factors of 4/(-10) + v + 3368/20.
2, 43
Let v(y) = -17*y**3 + 0*y**2 - 24*y**3 + 13*y**2 - 8*y + 16 + 40*y**3. What are the prime factors of v(8)?
2, 17
Let y = 10416 - -5204. What are the prime factors of y?
2, 5, 11, 71
Suppose 2357 = -4*z + 17093 + 776. What are the prime factors of z?
2, 7, 277
Let f(a) = a**2 + 13*a - 6. Let v be f(-14). Suppose 4*k = -k + 4*b + 871, 2*b = -v. What are the prime factors of k?
3, 19
Suppose 44*u + 11822 = 46*u. What are the prime factors of u?
23, 257
Let b be (-1 + 2)*(-52)/6*6. Let l = 56 + b. What are the prime factors of l/(-18) - (2456/36)/(-1)?
2, 17
Let z be 1*(-4 - 120/4). Let s = -30 - z. Suppose s*o = 6*o - 198. What are the prime factors of o?
3, 11
Let l(r) = 12 + 10 - 3*r + 10. Let p be l(-6). Suppose 160 = a + 2*h + p, h = a - 110. What are the prime factors of a?
2, 5, 11
Suppose -2*k - 219 = -2*q - 5*k, -3*k = -q + 114. Let o = -1020 - -1069. Let p = q - o. List the prime factors of p.
2, 31
Suppose -4*p = -5*x - 12, -5*x = -x. Suppose -p*c = -0*c + 1005. Let g = 473 + c. What are the prime factors of g?
2, 3, 23
Let d(q) = 5555*q + 2981. List the prime factors of d(9).
2, 7, 11, 43
What are the prime factors of ((8 - 32)/6)/(4/(-10610))?
2, 5, 1061
Suppose 0 = -2*w + 3*w + 5*q - 70, -2*w + q = -107. What are the prime factors of w?
5, 11
Suppose -306590 = -26*a + 465480. List the prime factors of a.
5, 5939
Suppose -133*b + 2767471 = -1969723. What are the prime factors of b?
2, 11, 1619
Suppose 25*s - 124*s = 41*s - 5116020. What are the prime factors of s?
3, 13, 937
Let x be (-10)/(-2) - 12 - -807. Suppose -17*k = -33*k + x. List the prime factors of k.
2, 5
List the prime factors of 75/275 + 35496/44.
3, 269
Let q(d) = d**3 - 4*d**2 - 3*d - 6. Let v be q(5). Suppose 0 = 4*f + 5*c - 10, 6*f = 3*f - 2*c + v. What are the prime factors of 846/72*(12 - f)?
3, 47
Suppose -2*x - b + 19 = 1, -5*b = -20. Let g be 8/(-14)*x/(-2). Suppose 2*w + 4*y = 4*w - 162, g*w = 5*y + 159. What are the prime factors of w?
3, 29
Let w = 362 + -362. Suppose c - 1291 = -d + 4*c, -4*c = w. What are the prime factors of d?
1291
Let z = 81 + -117. What are the prime factors of (-2971)/(-5) - (-7 - z/5)?
2, 3, 11
Let p(g) = 9*g + 12*g - 7*g - 7*g**2 - 30 + 8*g**3 - 11*g**3. What are the prime factors of p(-9)?
2, 3, 61
Let r(l) = 94*l**2 + 48*l - 205. List the prime factors of r(19).
3, 1283
What are the prime factors of (231/21 - 12)*-1*24589?
67, 367
Suppose 5*b + 4*z - 24 = 18, 3*z - 34 = -4*b. Let p be (2 + (3 - b))*(-108 - 1). Suppose -p = 7*l - 12*l. What are the prime factors of l?
109
Suppose 2*l - 1504 = 576. Suppose 0 = -11*t + 27*t - l. What are the prime factors of t?
5, 13
List the prime factors of 17267 - (4 + (-27)/(27/10)).
23, 751
Let n(k) = 928*k**2 - 6*k - 26. List the prime factors of n(-6).
2, 7, 11, 31
Suppose 0 = -4*k - 20, 132*h - 128*h - 5*k - 38181 = 0. Suppose 0 = -5*a + h - 1979. List the prime factors of a.
2, 3, 7
Let s = -273 - -275. Suppose -z + 232 = 3*o - 348, 3*z - 382 = -s*o. List the prime factors of o.
2, 97
Let o(z) = 2*z + 10. Let j be o(-2). Suppose -1762 + 7558 = j*y. Suppose -5*x - 2*x + y = 0. List the prime factors of x.
2, 3, 23
Let g be 6/21 - 0 - 171/(-63). Suppose g*c - 15 = -2*c. Suppose 0 = -5*b + 33 - c. List the prime factors of b.
2, 3
Suppose -116*a - 2210071 = -159*a. List the prime factors of a.
103, 499
Suppose 5626*o - 202400 = 5604*o. List the prime factors of o.
2, 5, 23
Let h = 105 + -100. Suppose -2*t = h*l - 53, l = 3*t + 3*l - 52. List the prime factors of 1324/t + (-6)/(-14).
5, 19
Let u(g) = g**3 + 20*g**2 - 63*g - 6. Let y be u(-11). Let d = -756 + y. List the prime factors of d.
2, 3, 5, 17
Let h be ((-246)/(-252) + (-3)/21)*(5 + 13). Let f(x) = 5*x + 19. Let q(u) = 5*u + 19. Let m(l) = 3*f(l) - 2*q(l). List the prime factors of m(h).
2, 47
Suppose 6*w - 10*w = 3*o - 18319, 3*w + 5*o - 13742 = 0. List the prime factors of w.
19, 241
Let q = 56 - -7135. What are the prime factors of q?
3, 17, 47
Let f be 2/(-4)*(-99 - 3) + -3. List the prime factors of 29406/f - (-27)/72.
613
Let b be (-7)/(49/3) + 177/21. Suppose -v + 5 = 0, 0 = 3*o + 9*v - b*v - 1406. List the prime factors of o.
467
Suppose -o + 2*i + 3203 = 1092, 4*i = o - 2103. Suppose 20*p - 10159 = -o. List the prime factors of p.
2, 3, 67
Suppose -18212 = 3*g + 5*u - 83736, 4*g + 4*u - 87368 = 0. What are the prime factors of g?
3, 809
Let x = -47 - 8. Let l = -53 - x. Let w(n) = 34*n - 3. List the prime factors of w(l).
5, 13
Suppose 60*a - 73*a + 55198 = 0. List the prime factors of a.
2, 11, 193
Suppose 103*x - 181 = 25. Suppose 0 = -w - 4*c + 111, 145 = 5*w + 2*c - 356. Suppose 41 = x*h - 0*d - d, -5*h + w = d. What are the prime factors of h?
2, 5
Let d(c) = 129*c + 1774. What are the prime factors of d(46)?
2, 41, 47
What are the prime factors of 0 + 4060/2 + (-108)/(-27)?
2, 3, 113
Let k(d) = -d + 11. Let o be k(8). Let f be (156/15 - 2)/(o/15). Suppose 226 = 4*n + f. List the prime factors of n.
2, 23
Let r = 100 + -79. Let y be -1*(-4 + 1)/(r/14). Suppose -5*k + 221 = y*x, -4*k + 158 + 60 = 2*x. List the prime factors of x.
103
Suppose -10*a = -11*a - 2. Let h(j) = j**3 - j + 2. Let u be h(a). What are the prime factors of (-108)/(-20) + u/10?
5
Suppose -37*y + 39*y = -2*b + 16868, 2*y - 5*b = 16826. List the prime factors of y.
2, 7, 43
Let g be 4/14 - (-6)/(-21). Suppose 14*y - 13*y - 4*d = -1, -2*d = -5*y + 31. Suppose g = 6*a - y*a + 20. List the prime factors of a.
2, 5
Suppose -5*r - 2*g + 3*g = -180004, 4*g = -16. Suppose -r = -27*i - 3*i. What are the prime factors of i?
2, 3, 5
Suppose 17 = -5*m - w, -4*w = -5*m - 0*w - 32. Let o be 2/m - (-9)/18. Suppose z - 2*f + f = 18, -5*z - f + 60 = o. List the prime factors of z.
13
Let a(r) = r**2 + 21*r + 16. Suppose 18 = -p + 20. Let n be ((315/6)/(-5))/(p/4). What are the prime factors of a(n)?
2
Let z(j) = 21*j + 17*j + 6*j - 6 - 30*j. What are the prime factors of z(25)?
2, 43
Let u = 532 + -378. Suppose 275 = 5*m + 5*s, -5*m + 255 = -0*s + s. Let f = u - m. List the prime factors of f.
2, 13
Suppose -4*n - 125349 = -5*m, 44983 = 4*m + n - 55292. What are the prime factors of m?
11, 43, 53
Let u = -342 + 381. Suppose o - 3*o + 44 = 0. Let d = u - o. What are the prime factors of d?
17
Suppose 589899 = -48*a + 2726619. List the prime factors of a.
5, 29, 307
Let v(p) = -p**3 - 10*p**2 - 14*p + 16. Let o be v(-7). Let n(j) = -11*j + 24. List the prime factors of n(o).
3, 43
Let o(k) = 94*k**2 + 9. Let n = -86 + 88. List the prime factors of o(n).
5, 7, 11
Suppose -7*o - 13*o + 240 = 0. Let q(f) = -45 - 3*f + o*f - 33 + 9. What are the prime factors of q(10)?
3, 7
Let t(j) = -2*j**2 + j + 1. Let w(m) = -21*m**2 - m - 6. Let a(f) = 5*t(f) - w(f). List the prime factors of a(5).
2, 79
List the prime factors of -2*12*(-15 - 1345/4).
2, 3, 5, 281
Let m(j) = -2*j**2 - 2*j + 65. Let q(r) = -r**3 + r**2 + 1. Let a be q(0). Let t be 0*a/(-3)*3. List the prime factors of m(t).
5, 13
Let r(n) = 18*n - 1. Let c be r(11). List the prime factors of -2 + (-3 - -7) - -1*c.
199
Let n(m) = m**3 + 14*m**2 - 3*m - 38. Let p be n(-14). Suppose -5784 = -p*d - 2*d. List the prime factors of d.
2, 241
Suppose -2*t = 5*c - 47556, -4*c + 23784 = 195*t - 194*t. What are the prime factors of t?
2, 2971
Suppose 15694 = 99*l - 257051. What are the prime factors of l?
5, 19, 29
Let f(v) = 12*v**2 - 3*v + 3. Let d(x) = -23*x**2 + 7*x - 7. Let u(t) = 2*d(t) + 5*f(t). Let w be u(4). Let n = w - 53. List the prime factors of n.
2, 3, 7
Let b = 35 - 34. Let u be -1 + -1 + b - -180. Suppose 4*m + 499 = 2*y + y, u = y + 5*m. What are the prime factors of y?
13
Let a(r) = 6*r**2 + 7*r + 21. Let k(n) = 29*n**2 + 35*n + 105. Let f(j) = -11*a(j) + 2*k(j). Let t be f(-3). Let v = 136 - t. List the prime factors of v.
2, 1